of k**5/10 - 4*k**4/3 + 7*k**3/6 + 2*k**2 + 15*k. What are the prime factors of m(8)?
2, 3, 5
Let n = 29 + -26. Suppose 2*f - 354 = -2*q + n*f, 0 = -2*f + 4. What are the prime factors of q?
2, 89
What are the prime factors of (-5)/2*(-195832)/130?
2, 7, 269
Suppose 4*w = 2*w + 64. Let m = -28 + w. Suppose 0 = 2*v + m*o - 30 + 6, 4*v - 2*o - 28 = 0. What are the prime factors of v?
2
Let r = 15 + -23. Let o be r*1 + -16 + 13. Let k = o - -34. List the prime factors of k.
23
Let y(r) = r**2 - 13*r - 9. Let x be y(14). Suppose -x = -5*z + 4*z. Suppose z*q - a - a - 79 = 0, q - 29 = -4*a. What are the prime factors of q?
17
Suppose -6*m - 4*k = -m - 76, -3*k - 48 = -5*m. Let s = 2 + 0. List the prime factors of (s/6)/(m/72).
2
Let c(z) = 3*z**2 + 4*z + 2. Let s be c(-2). Let g(m) = 11*m + 4. Let f be g(s). Suppose 2*b - f = -3*b. What are the prime factors of b?
2, 7
Let l be -2*(20/(-8) - 3). Let x = -5 + l. What are the prime factors of -6*((-75)/x + 4)?
3, 17
Let n(m) = -7*m**3 + 4*m**3 + 2*m + 4*m**3 + 22 - 7 + 10*m**2. List the prime factors of n(-9).
2, 3, 13
Suppose -1764 = -12*l + 2988. List the prime factors of l.
2, 3, 11
Let l = 1 + 6. Let q = l + -3. Suppose u - q*x = -3*x + 21, -5*u = -x - 105. What are the prime factors of u?
3, 7
Let m = -1463 - -2089. What are the prime factors of m?
2, 313
Suppose -15*k + 5504 = 5*z - 17*k, -4*z + 3*k = -4406. List the prime factors of z.
2, 5, 11
Let a(r) = -38*r + 3. Let o be a(-7). Suppose -w + 0*w + o = 3*u, -4*u - 2*w + 358 = 0. What are the prime factors of u?
2, 3, 5
Let w(l) = l**3 - 10*l**2 - 4*l - 1. Let h be w(11). Suppose -4*s - 3*n + 339 = 0, -n + h = 2*s - 95. List the prime factors of s.
3, 29
Let d(t) be the first derivative of -7*t**4/24 - 5*t**3/3 - 5*t**2/2 - 4. Let x(f) be the second derivative of d(f). List the prime factors of x(-5).
5
Suppose l + l - 2*o + 34 = 0, -3*l = -5*o + 57. Let p be 44/l*(-2 - 5). Suppose 22 = -20*n + p*n. List the prime factors of n.
11
Let t(m) = 100*m + 35. List the prime factors of t(9).
5, 11, 17
Suppose 0 = 28*x - 32*x + q + 637, 4*q = 12. List the prime factors of x.
2, 5
Suppose 5*j = -a + 40, -2*a + 4*j - j + 15 = 0. Suppose -5*t - a = 0, 6*k - t = k + 258. What are the prime factors of k?
3, 17
Suppose -6*z + 208 + 98 = 0. Let d = -20 + z. List the prime factors of d + 0 + 14 + -11.
2, 17
Suppose -y = 5*b - 2*y + 26, -4*b - 8 = -4*y. Let l(x) = 2*x**2 - 18*x - 6. List the prime factors of l(b).
2, 3, 29
Suppose 3*z - 3*i = 24, -4*z - 3*i + 42 = -2*i. Suppose 0 = -5*b - 50 + 370. Suppose b + z = 2*p. List the prime factors of p.
37
Let g be ((1 - -1) + 1)*-3. Suppose -p - 75 = -4*u, 4*u - 5*p = u + 52. Let q = g + u. List the prime factors of q.
2, 5
Suppose 0 = -4*a - 2*z - 4, -3*a + 2 = -2*z - 2. Suppose h - 90 + 20 = a. List the prime factors of h.
2, 5, 7
Suppose 0 = -14*n + 6*n - 5776. List the prime factors of n/(-3) - 36/(-27).
2, 11
Suppose 22 = 7*s + 8. Suppose -257 = -u - 2*u + 5*r, 250 = 3*u + s*r. List the prime factors of u.
2, 3, 7
Suppose -4*f + 1483 = -0*f - 3*p, f - 4*p - 361 = 0. List the prime factors of f.
373
Let a = -13 + 18. Suppose 0 = -5*f - a*n + 99 + 151, -f = -n - 42. What are the prime factors of f?
2, 23
Suppose -j = 3*t - 73, -3*t + 5*t - 4 = 0. Suppose -5*b + 153 = -j. What are the prime factors of (-2)/(b/52 - 1)?
13
Let y be 30/(-3)*(-3)/5. Suppose -4*v = -5*n + y*n - 28, -4*n + v = -95. List the prime factors of n.
2, 3
List the prime factors of -2335*(3 - (-40)/(-10)).
5, 467
Let y = -1600 + 2324. What are the prime factors of y?
2, 181
List the prime factors of (-1731)/(-12) + 9/12.
5, 29
Let m(n) = -6 + 3*n + n - 5*n. Let k be m(-4). List the prime factors of k/((-2)/7) + 0.
7
Let a = 139 + -237. Let s = 171 + a. What are the prime factors of s?
73
Suppose -6*z - 2*z + 168 = 0. Let j = 60 - z. What are the prime factors of j?
3, 13
Let x = -4116 - -6161. What are the prime factors of x?
5, 409
Suppose 2*o = -3*p + 4, -5*o + p - 15 - 9 = 0. What are the prime factors of o*(-1 + 33/(-12))?
3, 5
Let m(z) = 25*z - 9 - 1 - 16*z. What are the prime factors of m(13)?
107
Suppose 0 = -0*x + 4*x + 432. Let g = -62 - x. Suppose 2*p = 4*p - g. What are the prime factors of p?
23
Let o be 9/4 + (-4)/16. List the prime factors of 1 + (-5 + o - -4).
2
Let s(q) = -2*q**2 + 58*q + 2. Let g be s(29). Let v(z) = z**3 + 8*z**2 + 4*z - 6. Let k be v(-6). Suppose 0 = -b - g*b + k. List the prime factors of b.
2, 7
Let g(t) = 140*t**2 + 18*t + 39. List the prime factors of g(-3).
3, 5, 83
What are the prime factors of 18/(-3 + 0)*171/(-18)?
3, 19
Suppose -5*s + 3*y = -1718, -5*y + 3*y = 2. List the prime factors of s.
7
Let b(k) = -15*k + 6. Let f be 168/(-30) - 1/((-5)/(-2)). List the prime factors of b(f).
2, 3
List the prime factors of 14*(583/77 + 3/7).
2, 7
Suppose 0 = 3*p - 3*j - 9, -p - 1 + 0 = -3*j. Suppose 0 = -5*y + 10 - 0, 96 = f + p*y. List the prime factors of f.
2, 43
Suppose 4*m - p - 4 = m, 0 = -3*m + 4*p - 11. Suppose -7 = -m*v - 5*n + 28, -v - 4*n + 14 = 0. Suppose 3*a = v + 20. What are the prime factors of a?
2, 5
Suppose 5*y - 4868 = u, -3*u = -3*y - 2*u + 2922. Suppose -4*n = 4*s - y + 233, s - 746 = -4*n. What are the prime factors of n?
11, 17
Let t = -11 + 11. Suppose t*a + 156 = 3*a. List the prime factors of a.
2, 13
Let h = 2311 + -519. List the prime factors of h.
2, 7
Let m(o) = -3*o + 17. Let v be m(-5). Suppose -s + 9 + v = 0. List the prime factors of s.
41
Let d = 7 - 14. Let u be (-2)/d - (-972)/28. Suppose -2*q + u + 5 = y, -4*q + 4 = 0. List the prime factors of y.
2, 19
Let h = 129 - 104. List the prime factors of h.
5
Suppose -561 = -4*k + 1211. List the prime factors of k.
443
Suppose 2*s - 5*o + 19 = 0, 4*s - 2 = -0*o + 2*o. Suppose 37 = u - 5*c, 5*c - 244 + 53 = -s*u. List the prime factors of u.
3, 19
Let b(m) = -2*m**2 + 18*m - 8. Let l be ((-28)/(-12))/((-1)/3). Let t = l - -14. List the prime factors of b(t).
2, 5
List the prime factors of (-1147 - -2)*-1 - (-23 - -19).
3, 383
Let s = -87 + 137. What are the prime factors of s?
2, 5
Let c(n) = 21*n + 8. Suppose 3*v + 2*j = 1, -7*j = 2*v - 2*j - 19. Let h be c(v). What are the prime factors of 474/10 + 22/h?
47
Let i be (-6 - -1)*(-6)/15. Suppose 0*m - 5*m + 2*x + 260 = 0, -4*m = i*x - 190. Suppose t + 23 = 2*h + 4*t, -4*h - 2*t = -m. What are the prime factors of h?
13
What are the prime factors of -3 + 2 - 3/(-3) - -770?
2, 5, 7, 11
Suppose 0 = 73*x - 75*x + 118. What are the prime factors of x?
59
Suppose 4*c = 4*t + 116, -2*c + 12 + 22 = -t. Let x = t + 47. What are the prime factors of x?
23
Suppose 5911 + 12809 = 15*x. What are the prime factors of x?
2, 3, 13
Let q be (-1)/(3 - 30/9). Suppose -q*a = -6*a + 3, -41 = -3*t - 2*a. List the prime factors of t.
13
Let a(b) = 13*b**2 - 3*b + 18. Let n be a(-5). Suppose 4*l - 6*l + n = 0. What are the prime factors of l?
179
Let q = -193 + 177. Suppose -i - 87 + 15 = 0. Let x = q - i. List the prime factors of x.
2, 7
Let z(j) = j**2 + 4*j - 4. Let i(t) = t**3 + t + 5. Let q be (-4 - (-7 + 3))/(-2). Let m be i(q). What are the prime factors of z(m)?
41
Suppose -9*s = -2*s - 112. Let x = s + 51. What are the prime factors of x?
67
List the prime factors of 8/(-2) + 1640/8*9.
7, 263
Suppose -3*n + 5*g = -18, 2*g = n + 2*n - 18. Let s be n/(-9)*9/(-2). List the prime factors of (-2)/s - (-3160)/60.
2, 13
Let h(c) = -c**3 - 12*c**2 - 3*c + 8. Suppose -6*t + t = 5, -4*t = -g + 26. Suppose s = 5*r - g, -32 = 2*s - 3*r - r. List the prime factors of h(s).
2, 11
Let j be (-1)/((-2)/(-2)) - (-7 + -43). Suppose -12*n = -5*n - j. What are the prime factors of n?
7
What are the prime factors of (2851 - -2)/3 + 33 + -32?
2, 7, 17
Suppose 0 = 630*o - 633*o + 2829. What are the prime factors of o?
23, 41
Let d(u) = 10*u - 26. Let w(y) = -y**2 + 7*y + 2. Let a be w(6). What are the prime factors of d(a)?
2, 3
Let m = 250 + 431. What are the prime factors of m?
3, 227
Let n = -2 + 3. Suppose x + 0*x - n = -3*s, 4*x - 4*s = 68. Let v = x + 5. What are the prime factors of v?
2, 3
Let u be 10 - (2/(-1) - -5). List the prime factors of 1/((u/52)/7).
2, 13
Let k(g) = 13*g + 1435. What are the prime factors of k(0)?
5, 7, 41
Let q = 524 + -47. What are the prime factors of q?
3, 53
Let t = -92 - -1